{"id":333,"date":"2021-11-27T06:18:11","date_gmt":"2021-11-27T06:18:11","guid":{"rendered":"https:\/\/ptof.liceoattiliobertolucci.org\/25-28\/?page_id=333"},"modified":"2025-04-25T17:00:46","modified_gmt":"2025-04-25T17:00:46","slug":"progettualita-e-ampliamento-dellofferta-formativa","status":"publish","type":"page","link":"https:\/\/ptof.liceoattiliobertolucci.org\/25-28\/indice\/progettualita-e-ampliamento-dellofferta-formativa\/","title":{"rendered":"PROGETTUALIT\u00c0 E AMPLIAMENTO DELL\u2019OFFERTA FORMATIVA"},"content":{"rendered":"\t\t<div data-elementor-type=\"wp-page\" data-elementor-id=\"333\" class=\"elementor elementor-333\">\n\t\t\t\t\t\t<section class=\"elementor-section elementor-top-section elementor-element elementor-element-e83b528 elementor-section-boxed elementor-section-height-default elementor-section-height-default\" data-id=\"e83b528\" data-element_type=\"section\" id=\"mybread\" data-settings=\"{&quot;background_background&quot;:&quot;classic&quot;}\">\n\t\t\t\t\t\t<div class=\"elementor-container elementor-column-gap-no\">\n\t\t\t\t\t<div class=\"elementor-column elementor-col-100 elementor-top-column elementor-element elementor-element-e1902ae\" data-id=\"e1902ae\" data-element_type=\"column\">\n\t\t\t<div class=\"elementor-widget-wrap elementor-element-populated\">\n\t\t\t\t\t\t<div class=\"elementor-element elementor-element-255ff7e elementor-widget elementor-widget-shortcode\" data-id=\"255ff7e\" data-element_type=\"widget\" data-widget_type=\"shortcode.default\">\n\t\t\t\t<div class=\"elementor-widget-container\">\n\t\t\t\t\t\t\t<div class=\"elementor-shortcode\">\t\t\t<!-- Flexy Breadcrumb -->\r\n\t\t\t<div class=\"fbc fbc-page\">\r\n\r\n\t\t\t\t<!-- Breadcrumb wrapper -->\r\n\t\t\t\t<div class=\"fbc-wrap\">\r\n\r\n\t\t\t\t\t<!-- Ordered list-->\r\n\t\t\t\t\t<ol class=\"fbc-items\" itemscope itemtype=\"https:\/\/schema.org\/BreadcrumbList\">\r\n\t\t\t\t\t\t            <li itemprop=\"itemListElement\" itemscope itemtype=\"https:\/\/schema.org\/ListItem\">\r\n                <span itemprop=\"name\">\r\n                    <!-- Home Link -->\r\n                    <a itemprop=\"item\" href=\"https:\/\/ptof.liceoattiliobertolucci.org\/25-28\">\r\n                    \r\n                                                    <i class=\"fa fa-home\" aria-hidden=\"true\"><\/i>PTOF 2025 - 2028                    <\/a>\r\n                <\/span>\r\n                <meta itemprop=\"position\" content=\"1\" \/><!-- Meta Position-->\r\n             <\/li><li><span class=\"fbc-separator\">\/<\/span><\/li><li class=\"active\" itemprop=\"itemListElement\" itemscope itemtype=\"https:\/\/schema.org\/ListItem\"><span itemprop=\"name\" title=\"PROGETTUALIT\u00c0 E AMPLIAMENTO DELL\u2019OFFERTA FORMATIVA\">PROGETTUALIT\u00c0 E AMPLIAMENTO DELL\u2019OFFERTA FORMATIVA<\/span><meta itemprop=\"position\" content=\"2\" \/><\/li>\t\t\t\t\t<\/ol>\r\n\t\t\t\t\t<div class=\"clearfix\"><\/div>\r\n\t\t\t\t<\/div>\r\n\t\t\t<\/div>\r\n\t\t\t<\/div>\n\t\t\t\t\t\t<\/div>\n\t\t\t\t<\/div>\n\t\t\t\t\t<\/div>\n\t\t<\/div>\n\t\t\t\t\t<\/div>\n\t\t<\/section>\n\t\t\t\t<section class=\"elementor-section elementor-top-section elementor-element elementor-element-443f2b1 elementor-section-boxed elementor-section-height-default elementor-section-height-default\" data-id=\"443f2b1\" data-element_type=\"section\">\n\t\t\t\t\t\t<div class=\"elementor-container elementor-column-gap-default\">\n\t\t\t\t\t<div class=\"elementor-column elementor-col-100 elementor-top-column elementor-element elementor-element-09688c0\" data-id=\"09688c0\" data-element_type=\"column\">\n\t\t\t<div class=\"elementor-widget-wrap elementor-element-populated\">\n\t\t\t\t\t\t<div class=\"elementor-element elementor-element-ef4ed2f elementor-widget elementor-widget-spacer\" data-id=\"ef4ed2f\" data-element_type=\"widget\" data-widget_type=\"spacer.default\">\n\t\t\t\t<div class=\"elementor-widget-container\">\n\t\t\t\t\t\t\t<div class=\"elementor-spacer\">\n\t\t\t<div class=\"elementor-spacer-inner\"><\/div>\n\t\t<\/div>\n\t\t\t\t\t\t<\/div>\n\t\t\t\t<\/div>\n\t\t\t\t<div class=\"elementor-element elementor-element-50669c4 elementor-widget elementor-widget-heading\" data-id=\"50669c4\" data-element_type=\"widget\" data-widget_type=\"heading.default\">\n\t\t\t\t<div class=\"elementor-widget-container\">\n\t\t\t\t\t<h2 class=\"elementor-heading-title elementor-size-default\">PROGETTUALIT\u00c0 E AMPLIAMENTO  DELL\u2019OFFERTA FORMATIVA<\/h2>\t\t\t\t<\/div>\n\t\t\t\t<\/div>\n\t\t\t\t\t<\/div>\n\t\t<\/div>\n\t\t\t\t\t<\/div>\n\t\t<\/section>\n\t\t\t\t<section class=\"elementor-section elementor-top-section elementor-element elementor-element-524ba2f elementor-section-boxed elementor-section-height-default elementor-section-height-default\" data-id=\"524ba2f\" data-element_type=\"section\">\n\t\t\t\t\t\t<div class=\"elementor-container elementor-column-gap-default\">\n\t\t\t\t\t<div class=\"elementor-column elementor-col-100 elementor-top-column elementor-element elementor-element-bb5d907\" data-id=\"bb5d907\" data-element_type=\"column\">\n\t\t\t<div class=\"elementor-widget-wrap elementor-element-populated\">\n\t\t\t\t\t\t<div class=\"elementor-element elementor-element-8062660 elementor-widget-divider--view-line elementor-widget elementor-widget-divider\" data-id=\"8062660\" data-element_type=\"widget\" data-widget_type=\"divider.default\">\n\t\t\t\t<div class=\"elementor-widget-container\">\n\t\t\t\t\t\t\t<div class=\"elementor-divider\">\n\t\t\t<span class=\"elementor-divider-separator\">\n\t\t\t\t\t\t<\/span>\n\t\t<\/div>\n\t\t\t\t\t\t<\/div>\n\t\t\t\t<\/div>\n\t\t\t\t\t<\/div>\n\t\t<\/div>\n\t\t\t\t\t<\/div>\n\t\t<\/section>\n\t\t\t\t<section class=\"elementor-section elementor-top-section elementor-element elementor-element-a4631e3 contenutolungo elementor-section-boxed elementor-section-height-default elementor-section-height-default\" data-id=\"a4631e3\" data-element_type=\"section\">\n\t\t\t\t\t\t<div class=\"elementor-container elementor-column-gap-default\">\n\t\t\t\t\t<div class=\"elementor-column elementor-col-100 elementor-top-column elementor-element elementor-element-3a03cb9\" data-id=\"3a03cb9\" data-element_type=\"column\">\n\t\t\t<div class=\"elementor-widget-wrap elementor-element-populated\">\n\t\t\t\t\t\t<div class=\"elementor-element elementor-element-3639b0a elementor-widget elementor-widget-text-editor\" data-id=\"3639b0a\" data-element_type=\"widget\" data-widget_type=\"text-editor.default\">\n\t\t\t\t<div class=\"elementor-widget-container\">\n\t\t\t\t\t\t\t\t\t<p><span style=\"font-weight: 400;\">L\u2019azione didattica e la vita di una scuola si caratterizzano per la capacit\u00e0 di far interagire il curriculum definito dalle Indicazioni Nazionali, le aree disciplinari e le discipline con percorsi e progetti che contestualizzino le competenze ed i saperi a partire dalla specificit\u00e0 delle singole istituzioni scolastiche. Si tratta di scelte che hanno a che fare con l\u2019analisi del contesto socio culturale in cui si opera e con una precisa visione di futuro. Scelte che costituiscono l\u2019identit\u00e0 di una scuola. Annualmente il Collegio Docenti definisce specifici progetti di ampliamento dell\u2019offerta formativa.\u00a0<\/span><\/p><p><span style=\"font-weight: 400;\">Si tratta di progetti che riguardano\u00a0<\/span><\/p><ul><li><span style=\"font-weight: 400;\">l\u2019ampliamento dell\u2019offerta formativa\u00a0<\/span><\/li><li><span style=\"font-weight: 400;\">i progetti internazionali\u00a0<\/span><\/li><li><span style=\"font-weight: 400;\">progetti di rete e ricerca\u00a0<\/span><\/li><\/ul><p><span style=\"font-weight: 400;\">Molti progetti sono realizzati in collaborazione con il territorio, con le istituzioni e con gli enti ed i soggetti del privato sociale e culturale che costituiscono il tessuto vivo della societ\u00e0.\u00a0<\/span><\/p><p><span style=\"font-weight: 400;\">Perch\u00e9 compito prioritario di una scuola \u00e8 interagire con la societ\u00e0 di cui \u00e8 espressione per leggerne i bisogni formativi e per rispondervi con consapevolezza critica. La scuola \u00e8 un intellettuale sociale.\u00a0<\/span><\/p><p><span style=\"font-weight: 400;\">I progetti sono rivolti sia a specifici gruppi \/ classi di studenti che a tutti gli studenti del liceo (offerta a domanda). Ogni progetto prevede una scheda progetto contenente anche i costi che confluiscono poi nel Programma Annuale. Per un\u2019analisi pi\u00f9 dettagliata \u00e8 possibile ad esempio visionare i progetti riferiti al presente anno scolastico alla pagina specifica del sito:\u00a0<\/span><\/p><p><a href=\"https:\/\/www.liceoattiliobertolucci.edu.it\/didattica\/progetti\/\"><span style=\"font-weight: 400;\">http:\/\/liceoattiliobertolucci.edu.it\/percorsi-e-progetti\/<\/span><\/a><\/p>\t\t\t\t\t\t\t\t<\/div>\n\t\t\t\t<\/div>\n\t\t\t\t\t<\/div>\n\t\t<\/div>\n\t\t\t\t\t<\/div>\n\t\t<\/section>\n\t\t\t\t<\/div>\n\t\t","protected":false},"excerpt":{"rendered":"<p>PROGETTUALIT\u00c0 E AMPLIAMENTO DELL\u2019OFFERTA FORMATIVA L\u2019azione didattica e la vita di una scuola si caratterizzano per la capacit\u00e0 di far interagire il curriculum definito dalle Indicazioni Nazionali, le aree disciplinari e le discipline con percorsi e progetti che contestualizzino le competenze ed i saperi a partire dalla specificit\u00e0 delle singole istituzioni scolastiche. Si tratta di &hellip; <\/p>\n<p class=\"link-more\"><a href=\"https:\/\/ptof.liceoattiliobertolucci.org\/25-28\/indice\/progettualita-e-ampliamento-dellofferta-formativa\/\" class=\"more-link\">Leggi tutto<span class=\"screen-reader-text\"> &#8220;PROGETTUALIT\u00c0 E AMPLIAMENTO DELL\u2019OFFERTA FORMATIVA&#8221;<\/span><\/a><\/p>\n","protected":false},"author":1,"featured_media":0,"parent":19,"menu_order":0,"comment_status":"closed","ping_status":"closed","template":"elementor_header_footer","meta":{"footnotes":""},"class_list":["post-333","page","type-page","status-publish","hentry"],"_links":{"self":[{"href":"https:\/\/ptof.liceoattiliobertolucci.org\/25-28\/wp-json\/wp\/v2\/pages\/333","targetHints":{"allow":["GET"]}}],"collection":[{"href":"https:\/\/ptof.liceoattiliobertolucci.org\/25-28\/wp-json\/wp\/v2\/pages"}],"about":[{"href":"https:\/\/ptof.liceoattiliobertolucci.org\/25-28\/wp-json\/wp\/v2\/types\/page"}],"author":[{"embeddable":true,"href":"https:\/\/ptof.liceoattiliobertolucci.org\/25-28\/wp-json\/wp\/v2\/users\/1"}],"replies":[{"embeddable":true,"href":"https:\/\/ptof.liceoattiliobertolucci.org\/25-28\/wp-json\/wp\/v2\/comments?post=333"}],"version-history":[{"count":16,"href":"https:\/\/ptof.liceoattiliobertolucci.org\/25-28\/wp-json\/wp\/v2\/pages\/333\/revisions"}],"predecessor-version":[{"id":798,"href":"https:\/\/ptof.liceoattiliobertolucci.org\/25-28\/wp-json\/wp\/v2\/pages\/333\/revisions\/798"}],"up":[{"embeddable":true,"href":"https:\/\/ptof.liceoattiliobertolucci.org\/25-28\/wp-json\/wp\/v2\/pages\/19"}],"wp:attachment":[{"href":"https:\/\/ptof.liceoattiliobertolucci.org\/25-28\/wp-json\/wp\/v2\/media?parent=333"}],"curies":[{"name":"wp","href":"https:\/\/api.w.org\/{rel}","templated":true}]}}

PROGETTUALITÀ E AMPLIAMENTO DELL’OFFERTA FORMATIVA

<div data-elementor-type="wp-page" data-elementor-id="333" class="elementor elementor-333">
						<section class="elementor-section elementor-top-section elementor-element elementor-element-e83b528 elementor-section-boxed elementor-section-height-default elementor-section-height-default" data-id="e83b528" data-element_type="section" id="mybread" data-settings="{&quot;background_background&quot;:&quot;classic&quot;}">
						<div class="elementor-container elementor-column-gap-no">
					<div class="elementor-column elementor-col-100 elementor-top-column elementor-element elementor-element-e1902ae" data-id="e1902ae" data-element_type="column">
			<div class="elementor-widget-wrap elementor-element-populated">
						<div class="elementor-element elementor-element-255ff7e elementor-widget elementor-widget-shortcode" data-id="255ff7e" data-element_type="widget" data-widget_type="shortcode.default">
				<div class="elementor-widget-container">
							<div class="elementor-shortcode">			<!-- Flexy Breadcrumb -->
			<div class="fbc fbc-page">

				<!-- Breadcrumb wrapper -->
				<div class="fbc-wrap">

					<!-- Ordered list-->
					<ol class="fbc-items" itemscope itemtype="https://schema.org/BreadcrumbList">
						            <li itemprop="itemListElement" itemscope itemtype="https://schema.org/ListItem">
                <span itemprop="name">
                    <!-- Home Link -->
                    <a itemprop="item" href="https://ptof.liceoattiliobertolucci.org/25-28">
                    
                                                    <i class="fa fa-home" aria-hidden="true"></i>PTOF 2025 - 2028                    </a>
                </span>
                <meta itemprop="position" content="1" /><!-- Meta Position-->
             </li><li><span class="fbc-separator">/</span></li><li class="active" itemprop="itemListElement" itemscope itemtype="https://schema.org/ListItem"><span itemprop="name" title="PROGETTUALITÀ E AMPLIAMENTO DELL’OFFERTA FORMATIVA">PROGETTUALITÀ E AMPLIAMENTO DELL’OFFERTA FORMATIVA</span><meta itemprop="position" content="2" /></li>					</ol>
					<div class="clearfix"></div>
				</div>
			</div>
			</div>
						</div>
				</div>
					</div>
		</div>
					</div>
		</section>
				<section class="elementor-section elementor-top-section elementor-element elementor-element-443f2b1 elementor-section-boxed elementor-section-height-default elementor-section-height-default" data-id="443f2b1" data-element_type="section">
						<div class="elementor-container elementor-column-gap-default">
					<div class="elementor-column elementor-col-100 elementor-top-column elementor-element elementor-element-09688c0" data-id="09688c0" data-element_type="column">
			<div class="elementor-widget-wrap elementor-element-populated">
						<div class="elementor-element elementor-element-ef4ed2f elementor-widget elementor-widget-spacer" data-id="ef4ed2f" data-element_type="widget" data-widget_type="spacer.default">
				<div class="elementor-widget-container">
							<div class="elementor-spacer">
			<div class="elementor-spacer-inner"></div>
		</div>
						</div>
				</div>
				<div class="elementor-element elementor-element-50669c4 elementor-widget elementor-widget-heading" data-id="50669c4" data-element_type="widget" data-widget_type="heading.default">
				<div class="elementor-widget-container">
					<h2 class="elementor-heading-title elementor-size-default">PROGETTUALITÀ E AMPLIAMENTO  DELL’OFFERTA FORMATIVA</h2>				</div>
				</div>
					</div>
		</div>
					</div>
		</section>
				<section class="elementor-section elementor-top-section elementor-element elementor-element-524ba2f elementor-section-boxed elementor-section-height-default elementor-section-height-default" data-id="524ba2f" data-element_type="section">
						<div class="elementor-container elementor-column-gap-default">
					<div class="elementor-column elementor-col-100 elementor-top-column elementor-element elementor-element-bb5d907" data-id="bb5d907" data-element_type="column">
			<div class="elementor-widget-wrap elementor-element-populated">
						<div class="elementor-element elementor-element-8062660 elementor-widget-divider--view-line elementor-widget elementor-widget-divider" data-id="8062660" data-element_type="widget" data-widget_type="divider.default">
				<div class="elementor-widget-container">
							<div class="elementor-divider">
			<span class="elementor-divider-separator">
						</span>
		</div>
						</div>
				</div>
					</div>
		</div>
					</div>
		</section>
				<section class="elementor-section elementor-top-section elementor-element elementor-element-a4631e3 contenutolungo elementor-section-boxed elementor-section-height-default elementor-section-height-default" data-id="a4631e3" data-element_type="section">
						<div class="elementor-container elementor-column-gap-default">
					<div class="elementor-column elementor-col-100 elementor-top-column elementor-element elementor-element-3a03cb9" data-id="3a03cb9" data-element_type="column">
			<div class="elementor-widget-wrap elementor-element-populated">
						<div class="elementor-element elementor-element-3639b0a elementor-widget elementor-widget-text-editor" data-id="3639b0a" data-element_type="widget" data-widget_type="text-editor.default">
				<div class="elementor-widget-container">
									<p><span style="font-weight: 400;">L’azione didattica e la vita di una scuola si caratterizzano per la capacità di far interagire il curriculum definito dalle Indicazioni Nazionali, le aree disciplinari e le discipline con percorsi e progetti che contestualizzino le competenze ed i saperi a partire dalla specificità delle singole istituzioni scolastiche. Si tratta di scelte che hanno a che fare con l’analisi del contesto socio culturale in cui si opera e con una precisa visione di futuro. Scelte che costituiscono l’identità di una scuola. Annualmente il Collegio Docenti definisce specifici progetti di ampliamento dell’offerta formativa. </span></p><p><span style="font-weight: 400;">Si tratta di progetti che riguardano </span></p><ul><li><span style="font-weight: 400;">l’ampliamento dell’offerta formativa </span></li><li><span style="font-weight: 400;">i progetti internazionali </span></li><li><span style="font-weight: 400;">progetti di rete e ricerca </span></li></ul><p><span style="font-weight: 400;">Molti progetti sono realizzati in collaborazione con il territorio, con le istituzioni e con gli enti ed i soggetti del privato sociale e culturale che costituiscono il tessuto vivo della società. </span></p><p><span style="font-weight: 400;">Perché compito prioritario di una scuola è interagire con la società di cui è espressione per leggerne i bisogni formativi e per rispondervi con consapevolezza critica. La scuola è un intellettuale sociale. </span></p><p><span style="font-weight: 400;">I progetti sono rivolti sia a specifici gruppi / classi di studenti che a tutti gli studenti del liceo (offerta a domanda). Ogni progetto prevede una scheda progetto contenente anche i costi che confluiscono poi nel Programma Annuale. Per un’analisi più dettagliata è possibile ad esempio visionare i progetti riferiti al presente anno scolastico alla pagina specifica del sito: </span></p><p><a href="https://www.liceoattiliobertolucci.edu.it/didattica/progetti/"><span style="font-weight: 400;">http://liceoattiliobertolucci.edu.it/percorsi-e-progetti/</span></a></p>								</div>
				</div>
					</div>
		</div>
					</div>
		</section>
				</div>

<p>PROGETTUALITÀ E AMPLIAMENTO DELL’OFFERTA FORMATIVA L’azione didattica e la vita di una scuola si caratterizzano per la capacità di far interagire il curriculum definito dalle Indicazioni Nazionali, le aree disciplinari e le discipline con percorsi e progetti che contestualizzino le competenze ed i saperi a partire dalla specificità delle singole istituzioni scolastiche. Si tratta di &hellip; </p>
<p class="link-more"><a href="https://ptof.liceoattiliobertolucci.org/25-28/indice/progettualita-e-ampliamento-dellofferta-formativa/" class="more-link">Leggi tutto<span class="screen-reader-text"> &#8220;PROGETTUALITÀ E AMPLIAMENTO DELL’OFFERTA FORMATIVA&#8221;</span></a></p>
